{"id":7029,"date":"2021-12-12T14:55:38","date_gmt":"2021-12-12T13:55:38","guid":{"rendered":"https:\/\/nadcom.pl\/?page_id=7029"},"modified":"2022-03-08T14:25:02","modified_gmt":"2022-03-08T13:25:02","slug":"services-v-1-2","status":"publish","type":"page","link":"https:\/\/nadcom.pl\/?page_id=7029","title":{"rendered":"Us\u0142ugi"},"content":{"rendered":"\t\t<div data-elementor-type=\"wp-page\" data-elementor-id=\"7029\" class=\"elementor elementor-7029\">\n\t\t\t\t\t\t\t        <section class=\"elementor-section elementor-top-section elementor-element elementor-element-f019bad elementor-section-content-middle elementor-section-boxed elementor-section-height-default elementor-section-height-default ct-header-fixed-none ct-row-max-none\" data-id=\"f019bad\" data-element_type=\"section\">\n            \n                        <div class=\"elementor-container elementor-column-gap-extended \">\n                    <div class=\"elementor-column elementor-col-50 elementor-top-column elementor-element elementor-element-5ce29c2\" data-id=\"5ce29c2\" data-element_type=\"column\">\n            <div class=\"elementor-widget-wrap elementor-element-populated\">\n                        \t\t<div class=\"elementor-element elementor-element-d3b6aca elementor-widget elementor-widget-ct_heading\" data-id=\"d3b6aca\" data-element_type=\"widget\" data-widget_type=\"ct_heading.default\">\n\t\t\t\t<div class=\"elementor-widget-container\">\n\t\t\t<div id=\"ct_heading-d3b6aca\" class=\"ct-heading h-align- sub-style1 ct-heading-left item-st-default\">\n\t<div class=\"ct-inline-css\"  data-css=\"\n        \">\n    <\/div>\n    \t\t<div class=\"item--sub-title style1 show-line\">\n                        Us\u0142ugi                                            <\/div>\n\t    <h3 class=\"item--title st-default case-animate-time\" data-wow-delay=\"ms\">\n                <span class=\"sp-main\">\n            \n            Projektujemy, wykonujemy i serwisujemy elektroniczne systemy bezpiecze\u0144stwa budynk\u00f3w:\n            \n                    <\/span>\n            <\/h3>\n<\/div>\t\t<\/div>\n\t\t\t\t<\/div>\n\t\t            <\/div>\n        <\/div>\n                <div class=\"elementor-column elementor-col-50 elementor-top-column elementor-element elementor-element-877c444\" data-id=\"877c444\" data-element_type=\"column\">\n            <div class=\"elementor-widget-wrap elementor-element-populated\">\n                        \t\t<div class=\"elementor-element elementor-element-8a619a7 elementor-widget elementor-widget-text-editor\" data-id=\"8a619a7\" data-element_type=\"widget\" data-widget_type=\"text-editor.default\">\n\t\t\t\t<div class=\"elementor-widget-container\">\n\t\t\t<style>\/*! elementor - v3.9.1 - 14-12-2022 *\/\n.elementor-widget-text-editor.elementor-drop-cap-view-stacked .elementor-drop-cap{background-color:#818a91;color:#fff}.elementor-widget-text-editor.elementor-drop-cap-view-framed .elementor-drop-cap{color:#818a91;border:3px solid;background-color:transparent}.elementor-widget-text-editor:not(.elementor-drop-cap-view-default) .elementor-drop-cap{margin-top:8px}.elementor-widget-text-editor:not(.elementor-drop-cap-view-default) .elementor-drop-cap-letter{width:1em;height:1em}.elementor-widget-text-editor .elementor-drop-cap{float:left;text-align:center;line-height:1;font-size:50px}.elementor-widget-text-editor .elementor-drop-cap-letter{display:inline-block}<\/style>\t\t\t\t\t\t\t\t\t\t<\/div>\n\t\t\t\t<\/div>\n\t\t            <\/div>\n        <\/div>\n                            <\/div>\n        <\/section>\n                <section class=\"elementor-section elementor-top-section elementor-element elementor-element-7d640f1 elementor-section-boxed elementor-section-height-default elementor-section-height-default ct-header-fixed-none ct-row-max-none\" data-id=\"7d640f1\" data-element_type=\"section\">\n            \n                        <div class=\"elementor-container elementor-column-gap-extended \">\n                    <div class=\"elementor-column elementor-col-100 elementor-top-column elementor-element elementor-element-1e2ce89\" data-id=\"1e2ce89\" data-element_type=\"column\">\n            <div class=\"elementor-widget-wrap elementor-element-populated\">\n                        \t\t<div class=\"elementor-element elementor-element-16d5b63 elementor-widget elementor-widget-ct_service_grid\" data-id=\"16d5b63\" data-element_type=\"widget\" data-widget_type=\"ct_service_grid.default\">\n\t\t\t\t<div class=\"elementor-widget-container\">\n\t\t\t\n<div id=\"ct_service_grid-16d5b63\" class=\"ct-grid ct-service-grid13\" data-layout=\"masonry\" data-start-page=\"1\" data-max-pages=\"1\" data-total=\"6\" data-perpage=\"6\" data-next-link=\"\">\n    <div class=\"ct-grid-overlay\"><\/div>\n    \n    <div class=\"ct-grid-inner ct-grid-masonry row animate-time\" data-gutter=\"15\">\n                        <div id=\"service_layout12_1991_00\" class=\"grid-item col-xl-4 col-lg-4 col-md-6 col-sm-6 col-12 \">\n                    \n                    <div class=\"grid-item-inner wow fadeIn btn-added\">\n                                                    <div class=\"item--icon\"><i class=\"fa fa-video-camera\"><\/i><\/div>\n                        \n                                                <div class=\"item--meta\">\n                                                            <h3 class=\"item--title\"><a href=\"https:\/\/nadcom.pl\/?service=systemy-sygnalizacji-wlamania-i-napadu\">Systemy sygnalizacji w\u0142amania i napadu<\/a><\/h3>\n                                                                                        <div class=\"item--description\">\n                                    SSWiN, czyli potocznie systemy w\u0142amaniowe, to instalacje s\u0142u\u017c\u0105ce do wykrywania pr\u00f3b w\u0142amania lub pojawienia si\u0119 intruza w nadzorowanym obiekcie. Mog\u0105 tak\u017ce reagowa\u0107 na inne niebezpieczne zdarzenia, np. po\u017car, zalanie czy wyciek gazu.                                <\/div>\n                                                                                        <div class=\"item--readmore\">\n                                    <a class=\"btn btn-mini\" href=\"https:\/\/nadcom.pl\/?service=systemy-sygnalizacji-wlamania-i-napadu\">\n                                        <span>\n                                            Czytaj dalej                                        <\/span>\n                                        <i class=\"flaticonv5-refresh-2\"><\/i>\n                                    <\/a>\n                                <\/div>\n                                                    <\/div>\n                    <\/div>\n                <\/div>\n                            <div id=\"service_layout12_1991_01\" class=\"grid-item col-xl-4 col-lg-4 col-md-6 col-sm-6 col-12 \">\n                    \n                    <div class=\"grid-item-inner wow fadeIn btn-added\">\n                                                    <div class=\"item--icon\"><i class=\"flaticon-light-bulb\"><\/i><\/div>\n                        \n                                                <div class=\"item--meta\">\n                                                            <h3 class=\"item--title\"><a href=\"https:\/\/nadcom.pl\/?service=systemy-oswietlenia-awaryjnego-i-ewakuacyjnego\">Systemy o\u015bwietlenia awaryjnego i ewakuacyjnego<\/a><\/h3>\n                                                                                        <div class=\"item--description\">\n                                    Systemy o\u015bwietlenia awaryjnego i ewakuacyjnego to instalacje maj\u0105 zapewni\u0107 o\u015bwietlenie dr\u00f3g ewakuacyjnych podczas zagro\u017cenia, kt\u00f3re spowodowa\u0142o od\u0142\u0105czenia g\u0142\u00f3wnych \u017ar\u00f3de\u0142 zasilania.                                <\/div>\n                                                                                        <div class=\"item--readmore\">\n                                    <a class=\"btn btn-mini\" href=\"https:\/\/nadcom.pl\/?service=systemy-oswietlenia-awaryjnego-i-ewakuacyjnego\">\n                                        <span>\n                                            Czytaj dalej                                        <\/span>\n                                        <i class=\"flaticonv5-refresh-2\"><\/i>\n                                    <\/a>\n                                <\/div>\n                                                    <\/div>\n                    <\/div>\n                <\/div>\n                            <div id=\"service_layout12_1991_02\" class=\"grid-item col-xl-4 col-lg-4 col-md-6 col-sm-6 col-12 \">\n                    \n                    <div class=\"grid-item-inner wow fadeIn btn-added\">\n                                                    <div class=\"item--icon\"><i class=\"fa fa-eye\"><\/i><\/div>\n                        \n                                                <div class=\"item--meta\">\n                                                            <h3 class=\"item--title\"><a href=\"https:\/\/nadcom.pl\/?service=systemy-detekcji-gazow-tlenku-wegla-gazu-lpg-metan\">Systemy detekcji gaz\u00f3w tlenku w\u0119gla, gazu LPG, metanu<\/a><\/h3>\n                                                                                        <div class=\"item--description\">\n                                    Systemy detekcji gaz\u00f3w to instalacje wykrywaj\u0105ce uszkodzenia instalacji, powoduj\u0105ce wyciek gazu oraz przekroczenie dopuszczanego st\u0119\u017cenia gaz\u00f3w niepo\u017c\u0105danych, mog\u0105cych zagra\u017ca\u0107 \u017cyciu i bezpiecze\u0144stwu ludzi.                                <\/div>\n                                                                                        <div class=\"item--readmore\">\n                                    <a class=\"btn btn-mini\" href=\"https:\/\/nadcom.pl\/?service=systemy-detekcji-gazow-tlenku-wegla-gazu-lpg-metan\">\n                                        <span>\n                                            Czytaj dalej                                        <\/span>\n                                        <i class=\"flaticonv5-refresh-2\"><\/i>\n                                    <\/a>\n                                <\/div>\n                                                    <\/div>\n                    <\/div>\n                <\/div>\n                            <div id=\"service_layout12_1991_03\" class=\"grid-item col-xl-4 col-lg-4 col-md-6 col-sm-6 col-12 \">\n                    \n                    <div class=\"grid-item-inner wow fadeIn btn-added\">\n                                                    <div class=\"item--icon\"><i class=\"fa fa-volume-up\"><\/i><\/div>\n                        \n                                                <div class=\"item--meta\">\n                                                            <h3 class=\"item--title\"><a href=\"https:\/\/nadcom.pl\/?service=dzwiekowe-systemy-ostrzegawcze-dso\">D\u017awi\u0119kowe systemy ostrzegawcze DSO<\/a><\/h3>\n                                                                                        <div class=\"item--description\">\n                                    D\u017awi\u0119kowe systemy ostrzegawcze DSO to instalacje zapewniaj\u0105 skuteczne powiadomienie os\u00f3b przebywaj\u0105cych w miejscu zagro\u017cenia o po\u017carze oraz umo\u017cliwiaj\u0105 zarz\u0105dzanie przeprowadzenie sprawnej akcji ewakuacyjnej.                                <\/div>\n                                                                                        <div class=\"item--readmore\">\n                                    <a class=\"btn btn-mini\" href=\"https:\/\/nadcom.pl\/?service=dzwiekowe-systemy-ostrzegawcze-dso\">\n                                        <span>\n                                            Czytaj dalej                                        <\/span>\n                                        <i class=\"flaticonv5-refresh-2\"><\/i>\n                                    <\/a>\n                                <\/div>\n                                                    <\/div>\n                    <\/div>\n                <\/div>\n                            <div id=\"service_layout12_1991_04\" class=\"grid-item col-xl-4 col-lg-4 col-md-6 col-sm-6 col-12 \">\n                    \n                    <div class=\"grid-item-inner wow fadeIn btn-added\">\n                                                    <div class=\"item--icon\"><i class=\"fa fa-fire\"><\/i><\/div>\n                        \n                                                <div class=\"item--meta\">\n                                                            <h3 class=\"item--title\"><a href=\"https:\/\/nadcom.pl\/?service=systemy-oddymiania\">Systemy oddymiania<\/a><\/h3>\n                                                                                        <div class=\"item--description\">\n                                    Systemy oddymiania to instalacje zapewniaj\u0105ce bezpieczn\u0105 ewakuacji ludzi z przestrzeni zagro\u017conej po\u017carem. Bezpiecze\u0144stwo zapewniane jest poprzez wentylacj\u0119 dr\u00f3g ewakuacyjnych, odprowadzenie toksycznych gaz\u00f3w spalania, obni\u017cenie temperatury na drogach ewakuacyjnych.                                <\/div>\n                                                                                        <div class=\"item--readmore\">\n                                    <a class=\"btn btn-mini\" href=\"https:\/\/nadcom.pl\/?service=systemy-oddymiania\">\n                                        <span>\n                                            Czytaj dalej                                        <\/span>\n                                        <i class=\"flaticonv5-refresh-2\"><\/i>\n                                    <\/a>\n                                <\/div>\n                                                    <\/div>\n                    <\/div>\n                <\/div>\n                            <div id=\"service_layout12_1991_05\" class=\"grid-item col-xl-4 col-lg-4 col-md-6 col-sm-6 col-12 \">\n                    \n                    <div class=\"grid-item-inner wow fadeIn btn-added\">\n                                                    <div class=\"item--icon\"><i class=\"fa fa-fire-extinguisher\"><\/i><\/div>\n                        \n                                                <div class=\"item--meta\">\n                                                            <h3 class=\"item--title\"><a href=\"https:\/\/nadcom.pl\/?service=systemy-sygnalizacji-pozaru-ssp\">Systemy sygnalizacji po\u017caru SSP<\/a><\/h3>\n                                                                                        <div class=\"item--description\">\n                                    System sygnalizacji po\u017caru \u2013 SSP to instalacje zapewniaj\u0105ce wczesne wykrycie \u017ar\u00f3d\u0142a potencjalnego po\u017caru z dok\u0142adnym wskazaniem jego miejsca. System sygnalizacji po\u017caru dzia\u0142a w oparciu o rozmieszczone w pomieszczeniach czujki po\u017carowe, kt\u00f3re reaguj\u0105 na obecno\u015b\u0107 dymu, wzrost temperatury lub pojawienie si\u0119 p\u0142omieni w obszarze dzia\u0142ania czujek                                <\/div>\n                                                                                        <div class=\"item--readmore\">\n                                    <a class=\"btn btn-mini\" href=\"https:\/\/nadcom.pl\/?service=systemy-sygnalizacji-pozaru-ssp\">\n                                        <span>\n                                            Czytaj dalej                                        <\/span>\n                                        <i class=\"flaticonv5-refresh-2\"><\/i>\n                                    <\/a>\n                                <\/div>\n                                                    <\/div>\n                    <\/div>\n                <\/div>\n                                <div class=\"grid-sizer col-xl-4 col-lg-4 col-md-6 col-sm-6 col-12\"><\/div>\n            <\/div>\n        <\/div>\t\t<\/div>\n\t\t\t\t<\/div>\n\t\t            <\/div>\n        <\/div>\n                            <\/div>\n        <\/section>\n                <section class=\"elementor-section elementor-top-section elementor-element elementor-element-38aff60 elementor-section-content-middle elementor-section-boxed elementor-section-height-default elementor-section-height-default ct-header-fixed-none ct-row-max-none\" data-id=\"38aff60\" data-element_type=\"section\">\n            \n                        <div class=\"elementor-container elementor-column-gap-extended \">\n                    <div class=\"elementor-column elementor-col-100 elementor-top-column elementor-element elementor-element-8844b2f\" data-id=\"8844b2f\" data-element_type=\"column\">\n            <div class=\"elementor-widget-wrap elementor-element-populated\">\n                        \t\t<div class=\"elementor-element elementor-element-d0c3ecc elementor-widget elementor-widget-ct_heading\" data-id=\"d0c3ecc\" data-element_type=\"widget\" data-widget_type=\"ct_heading.default\">\n\t\t\t\t<div class=\"elementor-widget-container\">\n\t\t\t<div id=\"ct_heading-d0c3ecc\" class=\"ct-heading h-align- sub-style1 ct-heading-left item-st-default\">\n\t<div class=\"ct-inline-css\"  data-css=\"\n        \">\n    <\/div>\n    \t\t<div class=\"item--sub-title style1 show-line\">\n                        Us\u0142ugi                                            <\/div>\n\t    <h3 class=\"item--title st-default case-animate-time\" data-wow-delay=\"ms\">\n                <span class=\"sp-main\">\n            \n            Wykonujemy r\u00f3wnie\u017c:\n            \n                    <\/span>\n            <\/h3>\n<\/div>\t\t<\/div>\n\t\t\t\t<\/div>\n\t\t\t\t<div class=\"elementor-element elementor-element-1094c66 elementor-widget elementor-widget-spacer\" data-id=\"1094c66\" data-element_type=\"widget\" data-widget_type=\"spacer.default\">\n\t\t\t\t<div class=\"elementor-widget-container\">\n\t\t\t<style>\/*! elementor - v3.9.1 - 14-12-2022 *\/\n.elementor-column .elementor-spacer-inner{height:var(--spacer-size)}.e-con{--container-widget-width:100%}.e-con-inner>.elementor-widget-spacer,.e-con>.elementor-widget-spacer{width:var(--container-widget-width,var(--spacer-size));--align-self:var(--container-widget-align-self,initial);--flex-shrink:0}.e-con-inner>.elementor-widget-spacer>.elementor-widget-container,.e-con-inner>.elementor-widget-spacer>.elementor-widget-container>.elementor-spacer,.e-con>.elementor-widget-spacer>.elementor-widget-container,.e-con>.elementor-widget-spacer>.elementor-widget-container>.elementor-spacer{height:100%}.e-con-inner>.elementor-widget-spacer>.elementor-widget-container>.elementor-spacer>.elementor-spacer-inner,.e-con>.elementor-widget-spacer>.elementor-widget-container>.elementor-spacer>.elementor-spacer-inner{height:var(--container-widget-height,var(--spacer-size))}<\/style>\t\t<div class=\"elementor-spacer\">\n\t\t\t<div class=\"elementor-spacer-inner\"><\/div>\n\t\t<\/div>\n\t\t\t\t<\/div>\n\t\t\t\t<\/div>\n\t\t\t\t<div class=\"elementor-element elementor-element-d7bc85e elementor-widget elementor-widget-text-editor\" data-id=\"d7bc85e\" data-element_type=\"widget\" data-widget_type=\"text-editor.default\">\n\t\t\t\t<div class=\"elementor-widget-container\">\n\t\t\t\t\t\t\t<ul><li style=\"font-weight: 400;\" aria-level=\"1\"><span style=\"font-weight: 400;\">systemy gaszenia gazem SUG<\/span><\/li><li style=\"font-weight: 400;\" aria-level=\"1\"><span style=\"font-weight: 400;\">systemy kontroli dost\u0119pu<\/span><\/li><li style=\"font-weight: 400;\" aria-level=\"1\"><span style=\"font-weight: 400;\">systemy zasilania awaryjnego<\/span><\/li><li style=\"font-weight: 400;\" aria-level=\"1\"><span style=\"font-weight: 400;\">systemy \u0142\u0105czno\u015bci telefonicznej<\/span><\/li><li style=\"font-weight: 400;\" aria-level=\"1\"><span style=\"font-weight: 400;\">sieci strukturalne LAN<\/span><\/li><li style=\"font-weight: 400;\" aria-level=\"1\"><span style=\"font-weight: 400;\">systemy monitorowania CCTV<\/span><\/li><li style=\"font-weight: 400;\" aria-level=\"1\"><span style=\"font-weight: 400;\">przegl\u0105dy ga\u015bnic<\/span><\/li><li style=\"font-weight: 400;\" aria-level=\"1\"><span style=\"font-weight: 400;\">pomiary wydajno\u015bci hydrant\u00f3w<\/span><\/li><li style=\"font-weight: 400;\" aria-level=\"1\"><span style=\"font-weight: 400;\">analizy zagro\u017cenia po\u017carowego<\/span><\/li><li style=\"font-weight: 400;\" aria-level=\"1\"><span style=\"font-weight: 400;\">instrukcje bezpiecze\u0144stwa po\u017carowego<\/span><\/li><li style=\"font-weight: 400;\" aria-level=\"1\"><span style=\"font-weight: 400;\">oznakowanie po\u017carowe obiekt\u00f3w oraz sprz\u0119t p.po\u017c<\/span><\/li><li style=\"font-weight: 400;\" aria-level=\"1\"><span style=\"font-weight: 400;\">kompleksowe opracowania projekt\u00f3w, uwzgl\u0119dniaj\u0105ce wymogi bezpiecze\u0144stwa, oczekiwania inwestor\u00f3w, firm ubezpieczeniowych,<\/span><\/li><li style=\"font-weight: 400;\" aria-level=\"1\"><span style=\"font-weight: 400;\">serwis gwarancyjny i pogwarancyjny urz\u0105dze\u0144 i instalacji<\/span><\/li><li style=\"font-weight: 400;\" aria-level=\"1\"><span style=\"font-weight: 400;\">przegl\u0105dy okresowe<\/span><\/li><\/ul>\t\t\t\t\t\t<\/div>\n\t\t\t\t<\/div>\n\t\t            <\/div>\n        <\/div>\n                            <\/div>\n        <\/section>\n                <section class=\"elementor-section elementor-top-section elementor-element elementor-element-4c371ef elementor-section-content-middle elementor-section-boxed elementor-section-height-default elementor-section-height-default ct-header-fixed-none ct-row-max-none\" data-id=\"4c371ef\" data-element_type=\"section\">\n            \n                        <div class=\"elementor-container elementor-column-gap-extended \">\n                    <div class=\"elementor-column elementor-col-100 elementor-top-column elementor-element elementor-element-bb31365\" data-id=\"bb31365\" data-element_type=\"column\">\n            <div class=\"elementor-widget-wrap\">\n                                    <\/div>\n        <\/div>\n                            <\/div>\n        <\/section>\n        \t\t\t\t\t<\/div>\n\t\t","protected":false},"excerpt":{"rendered":"<p>Us\u0142ugi Projektujemy, wykonujemy i serwisujemy elektroniczne systemy bezpiecze\u0144stwa budynk\u00f3w: Systemy sygnalizacji w\u0142amania i napadu SSWiN, czyli potocznie systemy w\u0142amaniowe, to instalacje s\u0142u\u017c\u0105ce do wykrywania pr\u00f3b w\u0142amania lub pojawienia si\u0119 intruza w nadzorowanym obiekcie. Mog\u0105 tak\u017ce reagowa\u0107 na inne niebezpieczne zdarzenia, np. po\u017car, zalanie czy wyciek gazu. Czytaj dalej Systemy o\u015bwietlenia awaryjnego i ewakuacyjnego Systemy o\u015bwietlenia [&hellip;]<\/p>\n","protected":false},"author":1,"featured_media":0,"parent":0,"menu_order":0,"comment_status":"closed","ping_status":"closed","template":"","meta":{"footnotes":""},"class_list":["post-7029","page","type-page","status-publish","hentry"],"_links":{"self":[{"href":"https:\/\/nadcom.pl\/index.php?rest_route=\/wp\/v2\/pages\/7029","targetHints":{"allow":["GET"]}}],"collection":[{"href":"https:\/\/nadcom.pl\/index.php?rest_route=\/wp\/v2\/pages"}],"about":[{"href":"https:\/\/nadcom.pl\/index.php?rest_route=\/wp\/v2\/types\/page"}],"author":[{"embeddable":true,"href":"https:\/\/nadcom.pl\/index.php?rest_route=\/wp\/v2\/users\/1"}],"replies":[{"embeddable":true,"href":"https:\/\/nadcom.pl\/index.php?rest_route=%2Fwp%2Fv2%2Fcomments&post=7029"}],"version-history":[{"count":32,"href":"https:\/\/nadcom.pl\/index.php?rest_route=\/wp\/v2\/pages\/7029\/revisions"}],"predecessor-version":[{"id":7212,"href":"https:\/\/nadcom.pl\/index.php?rest_route=\/wp\/v2\/pages\/7029\/revisions\/7212"}],"wp:attachment":[{"href":"https:\/\/nadcom.pl\/index.php?rest_route=%2Fwp%2Fv2%2Fmedia&parent=7029"}],"curies":[{"name":"wp","href":"https:\/\/api.w.org\/{rel}","templated":true}]}}